 48, 3*l - 2*n = 40. Calculate the greatest common divisor of d and l.
16
Let r = 17853 + -17629. Calculate the greatest common factor of 416 and r.
32
Let p(r) = -r**3 + 6*r**2 + r - 15. Let y be p(6). Let v(h) = -h**2 - 8*h + 17. Let b be v(y). Let o = 34 - -14. What is the highest common factor of b and o?
8
Let d = -54 - -69. Suppose -5*n + d + 5 = 0. Suppose -3*t - n*t = -42. Calculate the highest common divisor of 6 and t.
6
Suppose -10*x = 22*x. Suppose x = -9*h + 224 + 136. Calculate the greatest common factor of 140 and h.
20
Let s(p) = p**3 - p + 1. Let x(a) = -3*a**3 - 10*a**2 - 10*a. Let u(h) = -2*s(h) - x(h). Let o be u(-4). Calculate the greatest common factor of 46 and o.
46
Suppose p + 13*u - 1604 = 11*u, 3*u + 1594 = p. Let h be p/120 + 12/(-9). Let s be (-80)/(-6)*(-12)/(-10). Calculate the highest common divisor of h and s.
4
Let y(o) = -o**2 - 20*o + 541. Let b be y(-35). Calculate the highest common divisor of 6912 and b.
16
Let u(l) = -l**2 + 31*l + 3278. Let f be u(62). What is the greatest common divisor of 132 and f?
12
Suppose -3*z - b = -0*b - 12, 5*b - 3 = 4*z. Suppose 2*n = z*j + 965, -5*n + 3*j + 2115 = -275. What is the highest common factor of n and 57?
19
Suppose 0 = 21*y - 20*y - 5. Suppose -y*z + 500 = i - 2875, 3*z - 2025 = 4*i. Calculate the greatest common factor of 75 and z.
75
Let o = 178 + -115. Let g = 81138 - 80319. Calculate the greatest common factor of o and g.
63
Let i be ((-3267)/990)/((-12)/80). Calculate the highest common factor of i and 47366.
22
Let w(g) be the first derivative of -g**4/4 + g**3 - 5*g - 3. Let n be w(2). Let v be ((-120)/36)/(n/36). What is the greatest common factor of 15 and v?
15
Let i = -331 + 615. Suppose -3*b + i = o, 1080 = -5*o + 9*o - 2*b. What is the highest common divisor of o and 17?
17
Suppose -14*n + 104 = 15*n - 21*n. What is the greatest common factor of n and 99?
1
Let a be (1 - 96)/((-11361)/420 + 27). Calculate the greatest common divisor of 25 and a.
25
Suppose -11*u - 13740 = 9*u. Let k = u - -725. What is the highest common divisor of 38 and k?
38
Let z be 4/(-7) + 128*8/224. Let j = 23 + -9. Let s be z/j + (-2320)/(-112). Calculate the greatest common divisor of 105 and s.
21
Suppose -192*t = -197*t + 15. Suppose 2*p - t*f - 12 = 9, -5*p + 62 = 2*f. Suppose -2 + p = 2*u. What is the greatest common divisor of u and 5?
5
Suppose 0 = 8*z + 29*z - 31857. Calculate the highest common divisor of 336 and z.
21
Let z = -843 + 2338. Calculate the greatest common divisor of z and 13.
13
Suppose 3*h + h - 6504 = c, -2*h + c = -3252. Suppose 13*q = 1013 + h. What is the greatest common divisor of q and 29?
29
Let j = 205 + -184. Suppose j - 117 = -16*x. What is the highest common factor of x and 2?
2
Let n(q) = -q**2 + q + 1. Let b(l) = l**2 + 14*l - 25. Let w(x) = b(x) + 2*n(x). Let g be w(17). Let z = g + 67. What is the highest common divisor of 36 and z?
9
Let g = 31405 - 31301. Calculate the greatest common divisor of g and 512.
8
Suppose -t + 3 = -3*o + 6*o, 5*o = -4*t + 5. Let y be 44/55*25*o. Let l be ((-16)/y)/(6/(-105)). Calculate the highest common factor of l and 140.
14
Suppose 325 = 3*r + 5*f, r - f - 77 = 34. Suppose -r = 11*k - 21*k. What is the greatest common divisor of k and 44?
11
Let w(y) = y**3 - 5*y**2 + 120*y - 754. Let t be w(6). Suppose 3*v = 4*b + 262, -2*b + 15 = 2*v - 141. What is the greatest common factor of t and v?
2
Let y(i) = 11*i**2 - 127*i + 1. Let q be y(14). Let w = q + -275. What is the highest common divisor of w and 78?
26
Suppose 59*z - 12*z + 129*z - 2191728 = 0. What is the highest common divisor of 21 and z?
21
Let g(a) = -109*a - 3008. Let j be g(-28). Calculate the highest common divisor of 2398 and j.
22
Let q(z) be the first derivative of -z**4/4 + 4*z**3/3 + 13*z**2/2 - 11*z + 21. Let y be q(5). Calculate the highest common factor of y and 58.
29
Suppose 61*s - 269742 = -6*s. What is the greatest common factor of s and 66?
66
Let q be (-2)/4*(-6 - (5 + -9)). Let d be (6/(-1))/q*(5 - 20). Suppose 3*n = 7*z - 3*z - 106, -4*z = 5*n - d. What is the highest common divisor of 125 and z?
25
Suppose 99*l = 24*l - 101*l + 110880. Calculate the greatest common divisor of l and 300.
30
Suppose 12*y = 37*y - 3800. Suppose 8*p = -3*z + 10*p + y, -2*z - 5*p + 76 = 0. What is the highest common factor of z and 360?
24
Suppose -5*y - y = -2*y. Let g be (22 - 24)/(y + -1). Suppose -28 + 3 = -5*t + 4*x, -4*t + 14 = -g*x. What is the highest common divisor of 7 and t?
1
Let w be (825/(-12))/((-9)/(-36)). Let t = w + 293. Suppose -2*h = 7 - 19. What is the highest common factor of h and t?
6
Suppose 2*l + 18 = -500. Let z be 1/((-7)/l - 0). Calculate the highest common divisor of 333 and z.
37
Let a be (-16)/(-6)*9/(-12). Let c be (a - 1) + 25 + (-1 - 0). Let d = c - 3. Calculate the greatest common factor of d and 198.
18
Let i = -79 - -134. Let z = i - -75. Let o(s) = -87*s - 61. Let y be o(-1). What is the highest common factor of z and y?
26
Suppose 51 + 10 = 5*b + 3*z, 2 = z. Suppose -70 + 4 = -b*l. Let f = l + 11. Calculate the greatest common divisor of 68 and f.
17
Let o be 424/(-20)*(-10 - 165/22). What is the greatest common divisor of o and 2?
1
Let v = 567 + -573. Suppose -i = -6*i. Let b = i - v. Calculate the highest common divisor of b and 6.
6
Suppose 3*g = -2*z + 31975, 63975 = 4*z + 764*g - 763*g. What is the greatest common divisor of 70 and z?
35
Let q(i) = -27*i**3 - 2*i**2 - 4*i - 13. Let g be q(-3). Calculate the highest common divisor of g and 852.
142
Suppose -20556 = 11*a - 16*a + 3*t, 0 = 4*t + 8. Calculate the greatest common divisor of 30 and a.
30
Suppose -4*n + 7*n = 60. Suppose 0 = -0*u - 3*u + 9, -2*v - 35 = -5*u. Let b = 30 - v. What is the greatest common divisor of b and n?
20
Suppose -5*s + r + 9 = 0, 4*s = -4*r + 1 + 11. Suppose 3*f = -s*v - 2*f + 90, 4*f + 32 = v. What is the highest common divisor of 16 and v?
8
Suppose -23661 - 27165 = -183*k + 5538. Let q be (-2)/(-3 + 83/28). What is the greatest common divisor of q and k?
28
Let z be 21170/(-20) + (-2)/(-4) + 1. Let b = z - -1761. Calculate the highest common divisor of b and 22.
22
Let p = -270 - -275. Suppose 3*r = b - 75, b - 79 = p*r - 12. What is the greatest common divisor of 1305 and b?
87
Let k = -114 + 170. Suppose -21*i + k = -637. Calculate the greatest common factor of 3 and i.
3
Let o be ((-88)/(-12) - 1) + 3/(-9). Let b(w) = -25*w + 180. Let v be b(o). Suppose -3*l + 200 = 2*l. Calculate the highest common factor of l and v.
10
Suppose 0 = -353*q + 250*q + 215064. What is the greatest common factor of q and 290?
58
Let b = 4 - -34. Let h(j) = 12*j - 98. Let p be h(13). Suppose -11*m = -2032 - p. Calculate the highest common divisor of b and m.
38
Suppose -k + 44 = -4*o, -5*o = 5*k - 0*k - 195. Suppose -41*i = -34*i + 693. Let f be (k/2)/((-22)/i). Calculate the greatest common divisor of f and 20.
10
Suppose -27*m + 29*m + 8 = 5*w, -4*m + 4 = -5*w. What is the highest common divisor of w and 97?
1
Suppose -458*g - 94*g + 325039 + 755777 = 0. Calculate the greatest common factor of g and 356.
178
Let f(y) = 2*y**2 + 7*y + 4. Let z be f(-4). Suppose 3*p = z*p - 640. Suppose -516 = -11*b - 340. Calculate the greatest common factor of b and p.
16
Let h be 0 + 339 - 3/2*42/63. What is the highest common factor of 3250 and h?
26
Let g be 0 - (4 - 13)/3. Suppose -2*d - 3*j - 126 = -j, -g*d + 4*j = 189. Let y be ((-12)/9)/(7/d). Calculate the greatest common factor of 84 and y.
12
Suppose -9*w + 120 = -6*w. Let f be (-1 + 5 - 2) + (-1)/1. Let d be -5 - -4 - (f - 19) - -3. What is the greatest common factor of d and w?
20
Let u(q) = -q - 9. Let j be u(-11). Suppose 5 + j = k. Let x be -6 + 62 - (-2 - -2). What is the highest common factor of x and k?
7
Suppose 157*w + 1592 = 24985. What is the highest common factor of 13559 and w?
149
Let t = 5127 - 4849. What is the highest common factor of t and 4?
2
Suppose 12*m - 9*m = 2280. Let x(k) = 2*k**3 - 42*k**2 + 2*k - 2. Let p be x(21). Calculate the highest common factor of p and m.
40
Let w be (-162 + 158)*(1 + 6)/(2/(-2)). Calculate the highest common divisor of w and 406.
14
Let o be 16 + 3/(-5)*(-110)/(-11). Let c be (-20)/10*(-3 + (-1 - -3)). What is the greatest common diviso